or of 1419 and 129723?
33
What is the greatest common divisor of 127763960 and 519?
173
Calculate the highest common factor of 3159 and 16402347.
117
Calculate the highest common divisor of 62 and 533252.
2
What is the highest common factor of 13262728 and 1?
1
Calculate the highest common divisor of 2821 and 1659151.
403
Calculate the highest common divisor of 4343050 and 214.
2
Calculate the highest common factor of 31651892 and 374.
34
What is the highest common divisor of 7917 and 78075627?
609
What is the greatest common factor of 364278 and 333758?
218
What is the greatest common factor of 357345 and 85?
5
Calculate the greatest common divisor of 312928 and 53280.
32
Calculate the greatest common factor of 3394 and 336628799.
1697
What is the highest common factor of 1554 and 1680783090?
1554
Calculate the highest common divisor of 2260 and 97621604.
452
Calculate the highest common factor of 34696 and 286504.
8
What is the greatest common divisor of 10920800 and 3168?
352
What is the highest common divisor of 10009503 and 252?
63
What is the greatest common divisor of 234 and 2192060?
26
Calculate the highest common divisor of 29119 and 1297553.
37
What is the greatest common factor of 8181 and 181680921?
2727
What is the greatest common divisor of 620398 and 4?
2
Calculate the greatest common factor of 7002809 and 44.
11
What is the highest common factor of 64 and 5002048?
64
What is the highest common divisor of 34644537 and 16776?
2097
Calculate the greatest common factor of 2336 and 15963056.
1168
Calculate the greatest common factor of 296742901 and 39.
13
What is the highest common factor of 244638 and 234?
18
What is the greatest common divisor of 36868440 and 30?
30
What is the greatest common divisor of 20650025 and 20557?
61
What is the highest common factor of 2558 and 2647492909?
1279
What is the highest common divisor of 226824 and 1803687?
2181
Calculate the highest common factor of 45 and 12537225.
45
Calculate the greatest common factor of 35649336 and 246.
246
Calculate the greatest common factor of 534 and 5102459.
89
What is the highest common factor of 47150 and 13687645?
4715
Calculate the greatest common divisor of 374 and 293540258.
374
Calculate the greatest common divisor of 1725 and 369311.
23
What is the greatest common factor of 8095249 and 549?
61
What is the greatest common factor of 175364 and 2492?
28
Calculate the highest common factor of 25280 and 1738.
158
What is the greatest common factor of 18487 and 5954543?
133
Calculate the greatest common divisor of 55821 and 3312.
69
Calculate the highest common divisor of 221056 and 51191734.
3454
What is the greatest common divisor of 169 and 10768095?
13
Calculate the greatest common divisor of 13850780 and 20.
20
Calculate the greatest common factor of 303 and 4935.
3
What is the greatest common factor of 3833852 and 20?
4
What is the highest common factor of 2361195 and 202075?
685
Calculate the highest common factor of 361865 and 44205.
35
Calculate the highest common factor of 686508 and 4674.
114
What is the highest common factor of 103775837 and 17?
17
What is the highest common factor of 734519 and 272?
17
Calculate the highest common divisor of 110622 and 81267.
309
What is the greatest common divisor of 1962156 and 22344?
588
Calculate the greatest common divisor of 584 and 342568.
8
What is the highest common factor of 148 and 508974442?
74
What is the highest common divisor of 35 and 12008725?
5
Calculate the highest common divisor of 575400 and 253260.
420
What is the greatest common divisor of 11000346 and 77056?
602
Calculate the highest common divisor of 469931 and 106029.
1309
Calculate the highest common divisor of 66539429 and 100144.
6259
Calculate the highest common divisor of 45871812 and 157356.
5076
Calculate the greatest common factor of 151921 and 7579.
11
What is the highest common divisor of 154673 and 107956?
137
What is the highest common factor of 445 and 63974891?
89
What is the highest common divisor of 2222 and 9806896?
22
Calculate the greatest common factor of 13894960 and 80.
80
Calculate the highest common factor of 100256 and 892664.
1928
What is the highest common factor of 3787 and 133651?
7
What is the greatest common divisor of 64 and 2838664?
8
What is the greatest common factor of 49131714 and 372?
186
What is the highest common factor of 1478394 and 2898?
414
What is the greatest common divisor of 820280 and 3340?
20
What is the highest common divisor of 37524 and 287566?
118
What is the greatest common divisor of 101939198 and 436?
218
What is the greatest common divisor of 178248 and 7581?
21
Calculate the highest common factor of 133 and 457479701.
133
Calculate the highest common factor of 375888 and 289296.
1968
What is the greatest common divisor of 24436496 and 56?
56
What is the greatest common divisor of 60432 and 28608?
48
What is the greatest common divisor of 6371464 and 1496?
1496
Calculate the highest common divisor of 231 and 23723161.
77
Calculate the highest common factor of 321581 and 375869.
377
Calculate the highest common divisor of 8201779 and 99626.
457
Calculate the greatest common factor of 3895 and 44327.
19
What is the greatest common divisor of 5404 and 267092?
28
What is the highest common factor of 266 and 2325714?
38
Calculate the greatest common divisor of 341032 and 145888.
376
What is the greatest common divisor of 53854080 and 320?
320
Calculate the greatest common factor of 69602 and 58.
2
What is the highest common factor of 44 and 344251204?
44
What is the greatest common divisor of 319 and 4119769?
29
What is the highest common factor of 210501 and 513?
171
Calculate the greatest common divisor of 108 and 153297.
9
What is the highest common divisor of 9674 and 526883?
7
What is the greatest common divisor of 81960 and 309940?
20
Calculate the highest common factor of 3310 and 53377722.
662
What is the greatest common factor of 11966 and 232376?
62
What is the greatest common factor of 258 and 4525922?
86
Calculate the greatest common factor of 37 and 5236573.
37
Calculate the greatest common divisor of 122 and 16482383.
61
What is the highest common divisor of 160382675 and 289?
17
Calculate the greatest common divisor of 12977734 and 630.
14
What is the greatest common divisor of 2123453680 and 190?
190
What is the highest common factor of 32116 and 6084246?
434
What is the greatest common factor of 19 and 244230313?
19
Calculate the highest common factor of 4125 and 8325075.
825
Calculate the greatest common factor of 1700 and 1020374.
34
What is the greatest common divisor of 972 and 16105797?
243
What is the highest common factor of 1916940 and 344?
172
Calculate the greatest common divisor of 654 and 33395638.
218
What is the greatest common factor of 2124760 and 111320?
4840
Calculate the greatest common divisor of 407069 and 807391.
2249
What is the greatest common divisor of 1250 and 15577400?
50
What is the greatest common factor of 7586640 and 765?
45
What is the highest common factor of 7514782 and 355?
71
What is the highest common divisor of 138344585 and 85?
5
What is the greatest common factor of 87 and 387705?
3
What is the greatest common factor of 35483205 and 120?
15
What is the greatest common divisor of 17149756 and 208?
52
Calculate the highest common factor of 15962 and 999442.
46
What is the highest common factor of 73191 and 38563?
787
Calculate the greatest common factor of 1155 and 623018.
11
Calculate the greatest common factor of 10386180 and 120.
60
Calculate the highest common divisor of 15205859 and 212.
53
What is the greatest common divisor of 128 and 39518672?
16
Calculate the highest common divisor of 31076 and 15909084.
1828
Calculate the greatest common factor of 1581 and 498831.
51
What is the greatest common factor of 40016 and 994988?
164
What is the greatest common divisor of 296377848 and 4264?
4264
Calculate the highest common factor of 153990377 and 87.
29
What is the highest common divisor of 18031 and 3226561?
247
What is the highest common divisor of 156 and 20750496?
156
What is the highest common divisor of 21231168 and 1932?
84
Calculate the greatest common factor of 351 and 48843.
27
What is the highest common factor o